s the units digit of 586124?
4
What is the hundreds digit of 1197091?
0
What is the thousands digit of 1540?
1
What is the hundreds digit of 159519?
5
What is the millions digit of 3922831?
3
What is the units digit of 1329146?
6
What is the hundreds digit of 1083653?
6
What is the thousands digit of 168883?
8
What is the hundreds digit of 3248388?
3
What is the hundreds digit of 16352?
3
What is the tens digit of 1452738?
3
What is the millions digit of 31354589?
1
What is the thousands digit of 4157772?
7
What is the hundreds digit of 1220010?
0
What is the units digit of 74939?
9
What is the hundreds digit of 984654?
6
What is the tens digit of 342248?
4
What is the thousands digit of 71078?
1
What is the hundred thousands digit of 4448223?
4
What is the ten thousands digit of 581440?
8
What is the hundred thousands digit of 389406?
3
What is the tens digit of 1306087?
8
What is the thousands digit of 150374?
0
What is the hundred thousands digit of 8265796?
2
What is the tens digit of 3876667?
6
What is the hundreds digit of 6940687?
6
What is the ten thousands digit of 22322062?
2
What is the hundred thousands digit of 2971930?
9
What is the tens digit of 450677?
7
What is the tens digit of 328502?
0
What is the ten thousands digit of 621687?
2
What is the units digit of 20426?
6
What is the units digit of 151187?
7
What is the hundred thousands digit of 1229956?
2
What is the hundreds digit of 2872058?
0
What is the units digit of 1489456?
6
What is the hundreds digit of 66161?
1
What is the ten thousands digit of 62231?
6
What is the tens digit of 1384612?
1
What is the ten thousands digit of 1035429?
3
What is the tens digit of 199729?
2
What is the hundred thousands digit of 612161?
6
What is the hundred thousands digit of 2107741?
1
What is the hundred thousands digit of 1986519?
9
What is the ten thousands digit of 98977?
9
What is the ten thousands digit of 7879329?
7
What is the hundreds digit of 21223674?
6
What is the hundred thousands digit of 2836555?
8
What is the millions digit of 1770407?
1
What is the thousands digit of 733442?
3
What is the tens digit of 1076989?
8
What is the units digit of 14466138?
8
What is the ten thousands digit of 479727?
7
What is the hundreds digit of 8006?
0
What is the units digit of 332553?
3
What is the hundred thousands digit of 206750?
2
What is the ten millions digit of 27107397?
2
What is the thousands digit of 1291913?
1
What is the ten thousands digit of 2555075?
5
What is the tens digit of 1458366?
6
What is the tens digit of 71982?
8
What is the ten thousands digit of 610841?
1
What is the thousands digit of 137236?
7
What is the millions digit of 2936181?
2
What is the tens digit of 30013235?
3
What is the hundreds digit of 2007506?
5
What is the tens digit of 6624546?
4
What is the units digit of 295694?
4
What is the hundreds digit of 2337928?
9
What is the ten thousands digit of 322582?
2
What is the hundreds digit of 3086543?
5
What is the ten thousands digit of 10458548?
5
What is the units digit of 3473151?
1
What is the tens digit of 4016?
1
What is the ten thousands digit of 87320?
8
What is the units digit of 11370881?
1
What is the ten thousands digit of 109834?
0
What is the tens digit of 2536357?
5
What is the hundred thousands digit of 6073241?
0
What is the ten thousands digit of 690101?
9
What is the hundred thousands digit of 4569448?
5
What is the hundred thousands digit of 2292533?
2
What is the tens digit of 91218?
1
What is the units digit of 226049?
9
What is the hundreds digit of 5633946?
9
What is the tens digit of 2902893?
9
What is the hundreds digit of 4292710?
7
What is the tens digit of 649557?
5
What is the units digit of 108992?
2
What is the hundreds digit of 1189218?
2
What is the ten thousands digit of 2541948?
4
What is the millions digit of 18820829?
8
What is the thousands digit of 4826388?
6
What is the thousands digit of 27897680?
7
What is the ten thousands digit of 1375200?
7
What is the millions digit of 6497801?
6
What is the tens digit of 8455098?
9
What is the millions digit of 27516931?
7
What is the millions digit of 5472187?
5
What is the hundreds digit of 688858?
8
What is the hundreds digit of 201916?
9
What is the hundreds digit of 890376?
3
What is the millions digit of 17752515?
7
What is the thousands digit of 9487739?
7
What is the units digit of 712063?
3
What is the units digit of 4170830?
0
What is the tens digit of 648922?
2
What is the units digit of 473610?
0
What is the tens digit of 872?
7
What is the thousands digit of 3138920?
8
What is the ten thousands digit of 2344222?
4
What is the hundreds digit of 2187894?
8
What is the tens digit of 65872?
7
What is the hundred thousands digit of 3798683?
7
What is the ten thousands digit of 11680388?
8
What is the tens digit of 4229190?
9
What is the units digit of 170685?
5
What is the thousands digit of 2267866?
7
What is the hundred thousands digit of 2657722?
6
What is the ten thousands digit of 2958197?
5
What is the hundreds digit of 10150211?
2
What is the thousands digit of 7011016?
1
What is the tens digit of 747143?
4
What is the units digit of 657042?
2
What is the tens digit of 690679?
7
What is the units digit of 12709?
9
What is the units digit of 20027911?
1
What is the hundreds digit of 1133026?
0
What is the ten thousands digit of 3769000?
6
What is the units digit of 501714?
4
What is the units digit of 156680?
0
What is the ten thousands digit of 4589777?
8
What is the hundred thousands digit of 307767?
3
What is the thousands digit of 8022933?
2
What is the ten thousands digit of 805412?
0
What is the hundreds digit of 2956613?
6
What is the tens digit of 344005?
0
What is the units digit of 852738?
8
What is the ten thousands digit of 32621?
3
What is the thousands digit of 38613?
8
What is the ten thousands digit of 91339?
9
What is the tens digit of 5816?
1
What is the hundred thousands digit of 7632017?
6
What is the thousands digit of 346522?
6
What is the tens digit of 1489908?
0
What is the hundred thousands digit of 152599?
1
What is the hundreds digit of 30166862?
8
What is the hundreds digit of 1170337?
3
What is the ten thousands digit of 380638?
8
What is the thousands digit of 3718428?
8
What is the units digit of 28768?
8
What is the units digit of 24516943?
3
What is the millions digit of 1212436?
1
What is the units digit of 325058?
8
What is the tens digit of 455724?
2
What is the millions digit of 3411656?
3
What is the hundred thousands digit of 1872090?
8
What is the thousands digit of 6133785?
3
What is the ten thousands digit of 586829?
8
What is the hundred thousands digit of 404687?
4
What is the tens digit of 3221087?
8
What is the hundreds digit of 653757?
7
What is the ten thousands digit of 2140271?
4
What is the hundred thousands digit of 796093?
7
What is the tens digit of 8679852?
5
What is the millions digit of 1576766?
1
What is the ten thousands digit of 69930?
6
What is the hundred thousands digit of 265049?
2
What is the hundred thousands digit of 28250433?
2
What is the hundred thousands digit of 1152576?
1
What is the hundred thousands digit of 147031?
1
What is the units digit of 186487?
7
What is the hundred thousands digit of 1343987?
3
What is the units digit of 71599?
9
What is the hundreds digit of 3703798?
7
What is the ten thousands digit of 65648?
6
What is the units digit of 667711?
1
What is the millions digit of 3213398?
3
What is the thousands digit of 120479?
0
What is the hundreds digit of 2706501?
5
What is the hundreds digit of 10848972?
9
What is the thousands digit of 1368086?
8
What is the hundreds digit of 319359?
3
What is the thousands digit of 912169?
2
What is the ten thousands digit of 360433?
6
What is the tens digit of 1216030?
3
What is the tens digit of 133896?
9
What is the hundreds digit of 338324?
3
What is the millions digit of 6301264?
6
What is the ten millions digit of 11981761?
1
What is the hundreds digit of 70038?
0
What is the ten thousands digit of 420133?
2
What is the units digit of 5394819?
9
What is the tens digit of 412914?
1
What is the hundred thousands digit of 273966?
2
What is the thousands digit of 8668082?
8
What is the thousands digit of 26198705?
8
What is the th